s divided by 9.
6
Suppose g + 3*c = 4*g - 3, 0 = 4*g - 2*c - 8. Suppose 47 + 67 = g*j. Suppose -j = -3*b - 8. What is the remainder when 29 is divided by b?
9
Let s(z) = z**2. Let k(y) = -5*y**2 + 9*y + 12. Let w(p) = k(p) + 6*s(p). What is the remainder when w(-10) is divided by 12?
10
Suppose 5*g + 122 = 4*z - 165, 4*g = -5*z + 410. Calculate the remainder when z is divided by 27.
24
Let o be 3*(-2)/(-6)*2. Suppose -o*q = q - 111. What is the remainder when q is divided by 13?
11
Suppose -2*u = 40 + 10. What is the remainder when ((-45)/u)/((-1)/(-5)) is divided by 4?
1
Suppose w - 18 = 7. Suppose -5*a - 4*t + 27 = 0, 5*a = -0*a - 5*t + w. Suppose 0 = -0*b + 4*b - 16. What is the remainder when a is divided by b?
3
Let b = 55 - 45. Calculate the remainder when -2 + 0 - (1 + -21) is divided by b.
8
Suppose 0*m - 2*m = -30. Suppose 0 = 2*y - 2*o + 128, -4*y - 300 = 3*o - 30. Let c = y - -94. Calculate the remainder when c is divided by m.
13
Let u = 18 + -27. Suppose 0 = -2*y + 3*w + 31, -2*y - 4*w = 5 - 71. Calculate the remainder when 268/6 - 3/u is divided by y.
22
Let b(m) = 4*m - 10. Let x be b(3). Suppose 4*v = x*v + 22. Calculate the remainder when v is divided by -6*2/(1 + -3).
5
Suppose 3*l - 155 = -2*l. Calculate the remainder when l is divided by (0 + 1/1)*11.
9
Suppose -3*u + 56 = -5*a, -78 = -4*u + a + 4*a. What is the remainder when u is divided by 8?
6
Let a(k) = -k**3 - k**2 - k + 16. Let x be a(0). Suppose 0 = -0*p - 2*p + x. What is the remainder when p is divided by 2?
0
Suppose 167 = 5*f + 4*d, 76 = 2*f - 0*f - 3*d. Calculate the remainder when 45 is divided by 4/12 - f/(-3).
9
Suppose -27 - 21 = -2*y. What is the remainder when 45 is divided by y?
21
Let c(q) = -8*q - 10. What is the remainder when c(-8) is divided by 11?
10
Suppose 2*u = -0*u + 10. Suppose -2*p - 12 = -b, -3*b + 6*b - 3*p = 30. Calculate the remainder when b is divided by u.
3
Suppose 38 = 3*f + b, 31 - 9 = 2*f - b. Calculate the remainder when 0 + (-63)/(-2 + -1) is divided by f.
9
Suppose -2 + 0 = -j. Suppose -4*v = -x - 9, -j*v + 5 + 4 = x. Let z = x - 0. Calculate the remainder when 8 is divided by z.
2
Suppose 7*r - 2530 = -4*r. Calculate the remainder when r is divided by 21.
20
Suppose 2*g - 1 + 5 = 0. Let i = 70 - 42. What is the remainder when i is divided by 177/12 - g/8?
13
Suppose a - o - 27 = o, 2*o - 24 = -2*a. Calculate the remainder when a is divided by 5.
2
Suppose 4*h + 4 - 8 = -2*z, -3*z + 4*h = 4. Suppose p + 12 = 5*p. Suppose -4*a + 2 + z = -3*g, p*g - 33 = -3*a. What is the remainder when 9 is divided by g?
3
Let r(j) = j**2 + 7*j + 2. Let b be r(-7). Let m = 6 - 1. Calculate the remainder when m is divided by b - (-3)/(1 - -2).
2
Suppose 4*t - 6*t + 236 = 0. What is the remainder when t is divided by 12?
10
Let q be 15/5*3*1. Let p = q + -4. Let t = p - -18. What is the remainder when t is divided by 8?
7
Suppose 2*i + 5*z - 53 = 0, -i + 4*z = -11 - 48. Calculate the remainder when i is divided by 14.
11
Let r(q) = -q**3 - 5*q**2 - 5*q. Calculate the remainder when r(-4) is divided by 2.
0
Suppose -l - 14 = -g, -4*l + 26 = 3*g - 30. Calculate the remainder when 61 is divided by g.
13
Suppose 3*k - 2*f - 3 = 2*f, k + 5*f + 18 = 0. Let z be 5 + (6/k - -2). Suppose -35 - 55 = -z*h. Calculate the remainder when h is divided by 10.
8
Suppose h + 2*h - 2*k = 168, -3*k = -2*h + 117. What is the remainder when h is divided by 28?
26
Suppose 5*w - 1507 - 578 = 0. Let x = w + -225. Suppose -5*h = -78 - x. What is the remainder when h is divided by 14?
12
Suppose 0*h = -h + 3. Suppose -h*j - 2*j + 2*p = 16, 0 = 5*j + 2*p + 4. Let a(w) = -w + 2. Calculate the remainder when 6 is divided by a(j).
2
Let g = 196 - 3. Suppose 5*s = 4*x + g, 111 = 3*s - 3*x - x. Calculate the remainder when s is divided by 11.
8
Suppose -3*a - 4*y = -100, 0*a - 2*a - 5*y + 55 = 0. Let i = 57 - a. What is the remainder when i is divided by (2 + 0)/((-2)/(-9))?
8
Let m(t) = -4*t - 2. Let l be m(-2). Suppose -l*y = -y - 55. Calculate the remainder when 19 is divided by y.
8
Let w(j) = j + 1. Let n(a) = -a**3 + 2*a**2 + 12*a + 3. Let t(f) = -n(f) + 6*w(f). Calculate the remainder when t(4) is divided by (12/(-14))/((-5)/35).
5
What is the remainder when 34 + 1*(-4 - -1) is divided by 4?
3
Let s = 0 + -13. Calculate the remainder when (-1 + 0)*(s - -2) is divided by 6.
5
Suppose 0 = -5*y + 3*h + 63 - 3, 0 = -5*h. What is the remainder when y is divided by 5?
2
Suppose 11*v - 13*v = -18. Calculate the remainder when 197 is divided by v.
8
Let n(v) = 2*v - 2. Let a be n(2). Suppose -x + a*l + 66 = -3*l, 225 = 5*x - 4*l. What is the remainder when x is divided by 14?
13
Suppose -112 = -2*f - 5*d - 41, 5*d + 69 = 3*f. What is the remainder when 111 is divided by f?
27
Let v(i) = -i**3 - i**2 + i + 20. What is the remainder when v(0) is divided by 7?
6
Suppose i - 8 = -x + 12, -4*i - 2*x = -86. Suppose 0*r - 5*r + 100 = 0. Let q = r + -12. Calculate the remainder when i is divided by q.
7
Suppose t - 332 = -5*w - 0*w, 189 = 3*w + 4*t. What is the remainder when w is divided by 14?
11
What is the remainder when 38 is divided by (-172)/(-8) - 3/(-6)*-1?
17
Suppose 2*g - 5*t = -2*g + 142, 2*g + t - 78 = 0. What is the remainder when g is divided by 20?
18
Suppose -5*o + x + 2 = 0, o + 4*x + 8 = -2*o. Suppose -20 = -o*w - 4*w. What is the remainder when 19 is divided by w?
4
Suppose -3*k = k - 5*q - 17, -3*q = k. Suppose -k*w + 0*w - 2*f + 66 = 0, f = -w + 23. What is the remainder when w is divided by 11?
9
Let y(c) = 1. Let b(i) = -i**2 + 3*i + 8. Let v(g) = -b(g) + 6*y(g). Calculate the remainder when 2/(3/((-141)/(-2))) is divided by v(-3).
15
Let q be (-1)/(33/12 + -3). Calculate the remainder when q - (-411)/3 - 4 is divided by 35.
32
Let x = -55 + 149. Suppose -3*h + h + x = 0. Calculate the remainder when h is divided by 12.
11
Suppose b + i = 5*i + 13, -7 = -4*b + i. Let p be (-3*b)/((-3)/2). Let f(x) = 5*x - 2. Calculate the remainder when 22 is divided by f(p).
6
Let y(l) = 2*l**2 - l + 1. Suppose -90 = 3*r - 6*r. What is the remainder when r is divided by y(-2)?
8
Let q(s) = -2*s. Let h(i) = 4 + 6 - 1 - 2*i. Calculate the remainder when h(-11) is divided by q(-4).
7
Suppose 0 = -5*b - 0*b - 20. Calculate the remainder when 31 is divided by (-1 + -3)/(1/b).
15
Suppose 0*j = 2*j + 2*q, -j = 2*q + 5. Suppose 0 = 4*h + z - 31, -j*h + 5*z + 13 + 57 = 0. Calculate the remainder when -10*3/(-2) - -1 is divided by h.
7
What is the remainder when 23 is divided by (-13)/6*(3 + -9)?
10
Suppose 8*x - 60 = 3*x. Suppose -2*b - 113 = -3*b. Suppose 4*v - b = -25. What is the remainder when v is divided by x?
10
Suppose 8 = 5*o - 7. Let f(r) = -r**2 + 2*r. Let s be f(2). What is the remainder when 2 is divided by ((s - 6)/o)/(-2)?
0
Let v be 15*(1 - 2)/(-1). Let b = v + -10. Suppose -3*c + 50 = 5*q - c, -4*c + 28 = q. What is the remainder when q is divided by b?
3
Let a(x) = x**3 + 9*x**2 - 2*x - 6. What is the remainder when 44 is divided by a(-9)?
8
Suppose -4*v = 3*l + 11, 0 = -2*l + 6 - 0. Let k be 3*1*v/(-3). Let w = k - -20. Calculate the remainder when w is divided by 13.
12
Let j(v) = 3*v + 1. Calculate the remainder when 27 is divided by j(3).
7
Let h(x) = x + 18. Suppose -181 = -4*a - 65. Calculate the remainder when a is divided by h(-8).
9
Let y(j) = 2*j**3 + j. Let t be y(1). Let d(i) = -i**2 + 4*i. What is the remainder when 11 is divided by d(t)?
2
Suppose 25 = -3*j - 4*l - 0, j + 5*l = 10. Let o be 10/(-4)*54/j. Let i = 1 + o. Calculate the remainder when 17 is divided by i.
7
Let b = 34 + -18. Suppose 83 = 3*f + 2*l, -4*f + 5*l + 48 = -101. What is the remainder when f is divided by b?
15
Let j be 0 + -3 - 0/(-2). Let n = 9 + -20. Let k = j - n. What is the remainder when 31 is divided by k?
7
Let i(g) = g**3 + 7*g**2 + 8*g + 3. Suppose -70 = 5*z + 20. What is the remainder when (-6)/(2 - z/(-8)) is divided by i(-5)?
11
Suppose -2*f + s = -f - 2, 5*f - 5 = 4*s. Calculate the remainder when (6/f)/((-2)/40) is divided by 14.
12
Suppose 2*q - 2 = -48. Let f = -9 - q. What is the remainder when 41 is divided by f?
13
Suppose 5*o = d + 43 + 37, o + 5*d = 16. Calculate the remainder when 94 is divided by o.
14
What is the remainder when 49 is divided by (-658)/(-42) +